 -3*z**3 + 4*z**2 + 10*z + 5. Let m(x) = x**2 - 24*x + 22. Let y be m(23). Let n(g) = y*b(g) + 4*h(g). Give n(-7).
16
Let a(b) = -b**2 + 13*b + 4. Suppose 39 = -2*n + 5*n. Determine a(n).
4
Suppose 20*b = 15*b + 1365. Let x be b/84 + (-2)/8. Suppose -d = x*t + 26, -3*t - 3*d + 0*d - 36 = 0. Let w(j) = -j**3 - 7*j**2 + j + 10. Give w(t).
3
Suppose -4*q = -2*s - 40 - 54, -3*q - 3*s = -57. Suppose -4*h + q = -2. Let t(c) = c**3 - 4*c**2 - 10*c + 7. Give t(h).
19
Let v(o) = 19*o + 1. Let w(r) = -3*r. Let g(j) = -v(j) - 3*w(j). Determine g(1).
-11
Let w(o) = -10*o**2 - 11*o + 3. Let a(r) = r**2 + r. Let p(c) = -22*a(c) - 2*w(c). Give p(0).
-6
Let g = 32 - 23. Suppose g*t - 13*t - 28 = 0. Let h(x) = 6*x**2 + x - 13. Let a(o) = -7*o**2 + 14. Let l(k) = -5*a(k) - 6*h(k). What is l(t)?
1
Let m(q) = -5*q**3 - q. Suppose -b - 2*b + 135 = 0. Suppose -2*o + b = 3*i, -7*o + 2*i + 65 = -2*o. Let d = 16 - o. Give m(d).
-6
Let g(p) = -3*p + 2. Let i(b) = -b - 4. Suppose 4*y + 2*y + 12 = 0. Let c be i(y). What is g(c)?
8
Let c(n) = n**2 - n + 1. Let i(y) = -y**2 + 4*y - 5. Let w(p) = -6*c(p) - i(p). Let d(j) = 4*j**2 - 3*j + 1. Let o(u) = 2*d(u) + 3*w(u). Calculate o(1).
-8
Let h(x) = x**2 + 7*x + 8. Suppose -734*v + 32 = -738*v. Give h(v).
16
Let d = 1697 + -1699. Let k(s) be the first derivative of s**3 + 2*s**2 + 3*s + 2. Calculate k(d).
7
Let v(b) = -b**3 + 9*b**2 + 14*b + 2. Let f(y) = y**3 - 8*y**2 - 12*y. Let m(l) = 4*f(l) + 3*v(l). Determine m(6).
6
Let d be 0*(-3)/(-3 + 0). Let f(k) = 4*k**2 - k - k**3 + 3 + 5*k**2 - 8*k**2. What is f(d)?
3
Let t(o) = o**2 + 2. Let l(a) = -21*a**2 - a - 13. Let u(v) = l(v) + 6*t(v). Calculate u(-1).
-15
Let b(w) = -43*w - 93. Let c(p) = 20*p + 46. Let t(d) = -6*b(d) - 13*c(d). Determine t(-20).
0
Suppose 0 = 5*k + 8*k - 78. Let l(m) = -m**3 + 5*m**2. Determine l(k).
-36
Let y(z) = -z**3 + 6*z**2 - 6*z + 6. Suppose 0 = 10*v + 20 - 70. Determine y(v).
1
Let p(l) be the third derivative of l**6/120 - 7*l**5/60 + 7*l**4/24 - l**3/6 + 31*l**2. Give p(7).
48
Let t(h) = -133*h**2 + 2 - 6 + 3 + 2*h + 130*h**2. What is t(2)?
-9
Let j(v) = 47*v**3 + 29*v**3 - 1 - 78*v**3. Suppose 3 = -0*i + 3*i. Determine j(i).
-3
Let s be 2*(-1 + 84/8). Suppose -10 = -24*n + s*n. Let w(y) = -7 + 8 - n + 0 - y. Calculate w(5).
-6
Let d(n) = n**2 - 5*n - 8. Let u be d(8). Let y(j) = -u + 5*j + 19 - 2*j. Calculate y(3).
12
Let a be (-1)/(-2) - 63/(-18). Let p(t) = t**2 - 6*t**2 - 6*t + 6 + 2*t + 0*t + 6*t**2. Give p(a).
6
Let m(v) = 3*v**2 + 6*v. Let b = -12 - -10. Let g be (-14)/(-10) + b/5. Let d(a) = -a**2 - 1. Let n(t) = g*m(t) + 4*d(t). What is n(3)?
5
Let n(k) = 6*k**3 + 20*k**2 + k - 8. Let y(f) = 4*f**3 + 13*f**2 + f - 5. Let c(b) = 5*n(b) - 8*y(b). Suppose -m + 6 = -4*m. Give c(m).
6
Let d(y) be the second derivative of y**4/3 + y. Suppose 4*x + 4*r + 23 = 7*x, 0 = 2*x - 3*r - 17. What is d(x)?
4
Let j(b) = -27*b**2 - 13*b**2 + 38*b**2 + 1 - b**3 + 2*b**3. Calculate j(2).
1
Let o(z) = z + 5*z**2 - 49*z**3 + 50*z**3 + z**2. Give o(-5).
20
Let j(i) = -i. Let v(r) = 3*r - 4. Let z(q) = -q**3 - 5*q**2 - 3*q + 5. Let g be z(-4). Let b = g + 3. Let m(k) = b*j(k) + v(k). Give m(0).
-4
Let f = 19 - 16. Let w(h) = -3*h - h**2 + 2*h + 7 - 4 + 2. Let r(d) = d**2 - 4. Let q(l) = -5*r(l) - 4*w(l). Determine q(f).
3
Let r(p) be the first derivative of -p**2/2 + 2*p - 84. Give r(-5).
7
Let d(o) = o - 5. Let l(b) = 2*b - 8 - 5 + 3. Let t(q) = -11*d(q) + 6*l(q). Suppose -4*u + 6 = -3*u. Give t(u).
1
Let r(a) = -9*a**2 - 19. Let m(c) = -16*c**2 - 2*c - 37. Let v(g) = 4*m(g) - 7*r(g). Calculate v(-6).
-3
Let m(w) = w**2 - w - 3. Let r be m(3). Let l be 25/(-5)*(0 - 6/10). Let n(h) = 3*h + l*h - r*h + 1. Determine n(1).
4
Let h(s) = -s**3 - 9*s**2 - 11*s - 1. Suppose -v = 2*v + 24. Calculate h(v).
23
Let h(s) = -7*s + 7. Let d(t) = -4*t**3 + t**2 + t + 1. Let g be d(-1). Give h(g).
-28
Let s(g) = -2*g + 2. Let b be s(0). Suppose -b*p = -0*u + 3*u - 7, 2*p = 5*u - 1. Let h(k) = -3*k + p*k - 1 + 0*k - 4. What is h(-4)?
-1
Let w(l) = -l - 1. Let a(b) = b**2 + b + 1. Let u(x) = a(x) - 2*w(x). Let t(z) = 3*z**2 - 2*z**2 + 6*z - 43 + 2*z + 19. Let f be t(-10). Give u(f).
7
Let i(d) = -9*d**3 - d**2 - 3*d. Let o(h) = 2*h**3 + h. Let f(x) = i(x) + 3*o(x). What is f(-1)?
2
Let a(w) = w**3 - 13*w**2 + 43*w - 6. Let v be a(7). Let i(k) = -8*k - 1. Give i(v).
-9
Let b(v) = 4*v**2 + 6*v - 4. Let x(m) = 3*m**2 + 4*m - 3. Let z(i) = -2*b(i) + 3*x(i). Let u(y) = 3*y**2 + 3*y - 7. Let j(o) = -u(o) + 2*z(o). What is j(-5)?
-5
Let d(h) = 17*h - 3 + 1 + 7 - 11*h - 1. Determine d(-5).
-26
Let b(y) = -1496*y + 3*y**2 + 1499*y + 2 + 4. Let n(o) = o**2 + o + 2. Let m(z) = 2*z**3 - 3*z**2 + 2*z. Let v be m(2). Let k(t) = v*n(t) - 3*b(t). Give k(-2).
-4
Let k(f) = -f**3 - 6*f**2 + 2*f + 9. Let r be k(-6). Suppose 0 = -3*j + 8 - 2. Let o(q) = q + j + 1 - 2. Determine o(r).
-2
Let m(x) = -4*x**2 + 10*x + 1. Let q be m(2). Suppose 0*p + 2*p - 10 = -4*h, 0 = q*h - 5. Let a(s) = -s**2. What is a(p)?
-9
Suppose 2*r + 0*r = -10. Let l(n) be the third derivative of 0*n + 1/2*n**3 + 2*n**2 + 0 - 1/10*n**5 - 1/120*n**6 - 1/4*n**4. What is l(r)?
8
Let m(y) = y**3 + 6*y**2 + 5*y. Let g(u) be the first derivative of -u**3/3 - u**2/2 + 15*u - 9. Let t be g(4). Give m(t).
0
Suppose 7*b = 12*b - 30. Let i(k) be the second derivative of -k**5/30 + k**4/4 - k**3/3 - k. Let c(z) be the second derivative of i(z). Determine c(b).
-18
Let p(s) = 12*s**2 - 2*s + 1. Suppose -5*z + 8 = 2*d + 26, z + 7 = 3*d. Calculate p(d).
11
Let m(q) be the first derivative of -q**4/4 - 11*q**3/3 - 2*q**2 - 14*q + 136. Calculate m(-11).
30
Let a(f) = -f + 2. Let j be a(-2). Suppose 6 = 3*b - 9. Let p(m) = -2*m**3 + m**3 + 3*m**2 + 0 - b + m**2 + 3*m. Determine p(j).
7
Let b(r) = -10*r**3 + 9*r**2 - 3*r + 5. Let w(j) = 3*j**2 - j + 2. Let y(z) = b(z) - 3*w(z). Give y(-1).
9
Suppose -2 = -h, -2*y + 0 + 2 = -2*h. Suppose 5*c + w - 13 = 0, c + 5*w = y*c - 16. Let s(n) = -n**2 - 3*n + 1. What is s(c)?
-17
Suppose 0*m + 5*m = 5. Let b(j) = -m - 44*j**2 - 6*j + 43*j**2 - 5. Calculate b(-5).
-1
Let m(t) = t**3 - 7*t**2 + 12*t - 3. Let k be m(5). Let o be 0/(k/((-21)/(-6))). Let j(s) = s**2 + s + 3. What is j(o)?
3
Let b(w) = 3*w - 4. Let v be b(2). Let f(j) = 10 - 6*j - 9*j**2 + 22*j**v - 12*j**2. Calculate f(7).
17
Let x(q) be the third derivative of q**5/60 - 2*q**3/3 + 3*q**2 + 9*q. Give x(0).
-4
Let j(o) = -o**2 + 2*o. Let s(v) = -v**2 + 11*v + 2. Let k be s(8). Let r be (4/2)/(k/65). Suppose -3*n = -r + 2. Determine j(n).
1
Let b(v) be the third derivative of v**4/12 + 3*v**2. Let t = -9 + 10. Let r be (1 + ((-3)/(-3) - t))*-3. What is b(r)?
-6
Let q(k) = 3*k**2 + 5 - 2 + 5*k - 4 - k. Let c(w) = -15*w**2 + w + 6*w + 22*w**2 - 2. Let v(s) = -4*c(s) + 9*q(s). Calculate v(4).
15
Let l(y) = -2*y**2 - 2*y + 112 - 113 + 8*y**2 + 4*y**2. What is l(1)?
7
Let i(j) be the first derivative of j**6/120 + j**5/12 + j**4/12 + j**2/2 + 1. Let q(b) be the second derivative of i(b). Let f = -106 + 104. Determine q(f).
8
Let m(p) = -p + 2. Let k be (-1)/(10/15 + -1). Let n(d) = 2*d - 1. Let z(x) = k*n(x) + 2*m(x). Determine z(-3).
-11
Let m(o) = 49*o + 6. Let s(v) = -779*v - 95. Let t(n) = -95*m(n) - 6*s(n). Determine t(-1).
-19
Let y(i) = i**3 - 23*i**2 - 2*i + 40. Let w(h) = -h**2 + 28*h + 311. Let d be w(-8). What is y(d)?
-6
Let f(w) = w - 9. Suppose 39*s + 60 = 51*s. What is f(s)?
-4
Let g(l) be the third derivative of 13*l**4/24 - l**2. Calculate g(2).
26
Let q = 12 - 12. Suppose -2*y - 3*m + 5 = -0*m, 5*y - m - 21 = q. Let u(h) = -y - 2*h**2 - h + 6*h**2 - 3*h**2. Give u(3).
2
Let v be ((-2)/10)/(3/(-30)). Let j(o) = -o**2 - 2*o + 5*o + 8 + v*o. Give j(6).
2
Let r(l) = 2*l**3 - 5*l**2 + 2*l + 4. Let i be r(3). Suppose -w + 21 = i. Let m(v) = 4*v - 5*v + v**w + 4 - 3. Calculate m(0).
1
Let r(c) be the second derivative of 2/5*c**5 - 25*c - 1/2*c**2 + 0*c**4 - 1/3*c**3 + 0. Calculate r(-1).
-7
Let c(z) = -25*z**2 + 22*z**2 + 3*z - 3*z - 6 - 2*z + z**3. What is c(4)?
2
Let q = 24 - 24. Let v(f) = 4*f - 2. Let o(w) = -3*w + 3. Let y = 10 - 8. Let j(n) = y*v(n) + 3*o(n). Calculate j(q).
5
Let a = -27 + 38. Let j(t) = 32*t + t**2 + 3 - a*t - 10*t - 14*t. Let q(v) = -v**3 - 5*v**2 - 2*v - 6. Let c be q(-5). Calculate j(c).
7
Let g(l) = 9*